= -2*l**2 + 10*l. What is w(5)?
0
Let i(c) = -c**3 - 12*c**2 - 30*c + 33. Determine i(-6).
-3
Let p(k) = k**3 + 4*k**2 + 3*k. Give p(-2).
2
Let x(q) = q**3 + 5*q**2 - 6*q - 5. Give x(-6).
-5
Let h(o) = -5*o - 36. Give h(-2).
-26
Let c(w) = -w**2 + 10*w - 16. Determine c(11).
-27
Let s(i) = 2*i**2 + 8*i + 11. Determine s(-3).
5
Let j(w) = -4*w**2 + 2*w + 7. Give j(-4).
-65
Let f(m) = -m**3 - 61*m**2 - 6. What is f(-61)?
-6
Let y(l) = l + 9. Give y(3).
12
Let q(i) = i**2 - 11*i + 9. Give q(9).
-9
Let v(m) = -14*m - 54. What is v(-3)?
-12
Let m(p) = p**3 - 5*p**2 - 6*p - 4. Determine m(6).
-4
Let o(m) = -2*m + 7. What is o(-7)?
21
Let t(f) = f**2 - 8*f + 41. Calculate t(6).
29
Let g(j) = -2*j**3 + 15*j**2 + 26*j + 2. Give g(9).
-7
Let x(g) = -9*g. Determine x(1).
-9
Let y(s) = -4*s + 9. Give y(3).
-3
Let o(b) = 2*b**2 - 10*b + 18. Determine o(3).
6
Let q(r) = -7*r**2 + 4*r - 4. Determine q(3).
-55
Let i(w) = -w**2 - 3*w - 2. Determine i(-5).
-12
Let w(x) = -x**2 - 14*x + 349. What is w(-27)?
-2
Let c(f) = -f**3 + 7*f + 8. Give c(-3).
14
Let o(p) = -4*p + 4. Give o(7).
-24
Let g(q) = q + 11. Give g(-4).
7
Let w(z) = -z**2 + 3*z - 2. What is w(-3)?
-20
Let a(v) = -7*v - 9. Calculate a(0).
-9
Let t(p) = p**2 + 3*p - 18. Determine t(-15).
162
Let c(k) = 2*k**3 + 40*k**2 + k - 47. Determine c(-20).
-67
Let s(v) = v**2 + 22*v + 27. Give s(-14).
-85
Let f(t) = 2*t**3 - 8*t**2 - 3*t + 10. Give f(5).
45
Let n(h) = 31*h**3 + h**2. Give n(1).
32
Let m(r) = r**2 - 15*r - 7. What is m(14)?
-21
Let t(h) = -h**2 + h - 2. Give t(2).
-4
Let g(f) = f**3 + 4*f**2 + f. Calculate g(-3).
6
Let u(s) = -s + 8. What is u(8)?
0
Let r(y) = -y - 2. Determine r(-5).
3
Let j(x) = x**3 - 20*x**2 + 30*x - 208. Give j(19).
1
Let j(u) = u**2 + 4*u + 7. Calculate j(-6).
19
Let u(j) = j**2 + 6*j + 11. Calculate u(-4).
3
Let p(d) = 13*d - 85. Determine p(6).
-7
Let l(z) = -36*z + 119. Determine l(3).
11
Let h(m) = -5*m - 126. Determine h(-29).
19
Let b(t) = -t**2 - 12*t + 18. Determine b(-12).
18
Let r(a) = -a**3 + 27*a**2 + 30*a - 56. Determine r(28).
0
Let q(x) = -2*x - 21. What is q(-14)?
7
Let o(v) = v**2 + 7*v - 13. Determine o(-9).
5
Let y(r) = -r**3 + 11*r**2 - 9*r - 15. Give y(9).
66
Let t(f) = 8*f + 4. Calculate t(-3).
-20
Let v(u) = 7*u + 65. Calculate v(-11).
-12
Let g(l) = l + 6. What is g(-12)?
-6
Let f(h) = 5*h + 80. Determine f(-20).
-20
Let h(n) = n**3 - 11*n**2 + 18*n - 15. Calculate h(9).
-15
Let l(b) = b**3 + 22*b**2 + 38*b - 44. What is l(-20)?
-4
Let c(x) = -x - 4. Calculate c(-3).
-1
Let c(f) = 13*f - 3. What is c(1)?
10
Let p(o) = 2*o**3 - 2*o + 4. Determine p(2).
16
Let h(j) = -3*j + 51. What is h(12)?
15
Let b(p) = -p**3 + 6*p**2 + p - 10. Determine b(6).
-4
Let b(p) = -8*p + 18. Give b(5).
-22
Let z(t) = -11*t - 9. Give z(-10).
101
Let q(r) = -2*r. Determine q(8).
-16
Let u(n) = 4*n**2 + 33*n + 30. What is u(-7)?
-5
Let c(r) = 16*r + 39. Determine c(-15).
-201
Let m(y) = -4*y - 172. Calculate m(0).
-172
Let v(c) = -20*c**3 - c**2 - c + 2. Determine v(1).
-20
Let n(v) = -v**3 + 5*v**2 + 6*v + 8. What is n(6)?
8
Let p(x) = 9*x - 56. Determine p(5).
-11
Let c(l) = -10*l**2 + l - 2. Determine c(1).
-11
Let l(x) = 9*x**3 - 2*x**2 - x + 1. Calculate l(1).
7
Let l(o) = o**3 + 3*o**2 - 3*o + 8. Calculate l(-4).
4
Let a(k) = k**2 + 2*k + 1. Determine a(-4).
9
Let i(g) = -g**3 - 5*g**2 - 1. Give i(-5).
-1
Let z(q) = 23*q + 2069. What is z(-90)?
-1
Let j(z) = z + 11. Determine j(-16).
-5
Let g(p) = -p**3 - 13*p**2 + 11*p - 19. Determine g(-14).
23
Let n(r) = 27*r**2 - r. Give n(-1).
28
Let v(m) = -m**3 + 12*m**2 + 3*m - 18. Give v(12).
18
Let q(d) = 10*d + 13. Determine q(-4).
-27
Let h(k) = -k**3 - 2*k**2 - 1. Determine h(2).
-17
Let a(s) = -s**3 - 6*s**2 - 3*s + 8. Calculate a(-3).
-10
Let v(w) = w**3 + 2*w**2 + 5*w + 7. Determine v(-4).
-45
Let j(h) = 8*h + 31. What is j(-5)?
-9
Let n(l) = 8*l - 6. What is n(4)?
26
Let b(v) = -2*v**3 - 3*v**2 + 4*v - 27. Calculate b(0).
-27
Let x(m) = -2*m - 20. Determine x(-10).
0
Let m(d) = -13*d - 224. Give m(-17).
-3
Let v(d) = 2*d**2 - 11*d + 7. Calculate v(7).
28
Let k(m) = m**2 + 4*m + 5. Give k(-8).
37
Let t(k) = k**3 - 4*k**2 - 2*k - 2. Determine t(3).
-17
Let u(m) = m**3 + 12*m**2 - 17*m - 10. Give u(-13).
42
Let s(i) = i - 11. Determine s(9).
-2
Let j(v) = -v + 48. Determine j(52).
-4
Let c(z) = 6*z - 6. Calculate c(-2).
-18
Let y(c) = -c - 9. What is y(0)?
-9
Let b(c) = -c**3 + c + 17. Determine b(0).
17
Let v(p) = -2*p**3 + 2*p**2 + 6*p. Determine v(-3).
54
Let v(z) = -3*z**3 + 4*z**2 + z + 6. Calculate v(-3).
120
Let a(x) = 9*x + 5. What is a(-4)?
-31
Let u(i) = 2*i**3 - 15*i**2 - 4*i + 22. What is u(7)?
-55
Let b(x) = -x + 6. What is b(6)?
0
Let f(y) = -8*y - 1. Determine f(2).
-17
Let k(i) = 14*i - 30. What is k(6)?
54
Let b(t) = t**3 + 9*t**2 + 16*t + 5. Determine b(-8).
-59
Let s(n) = 4*n**2 - n. Give s(1).
3
Let s(a) = -a**3 + 3*a**2 + 14*a - 7. Calculate s(6).
-31
Let a(f) = f**2 - 10*f - 4. Determine a(10).
-4
Let j(d) = -d**3 - 6*d**2 + 3*d. Determine j(-6).
-18
Let j(h) = -2*h**2 - 11*h - 2. Determine j(-6).
-8
Let b(t) = 2*t - 41. Determine b(0).
-41
Let g(d) = -d + 5. What is g(9)?
-4
Let t(c) = -2*c - 83. What is t(0)?
-83
Let r(v) = 4*v**3 - 8*v - 4. Give r(-2).
-20
Let t(c) = -22*c - 7. Determine t(-2).
37
Let q(s) = -3*s**2 - 27*s + 16. Determine q(-11).
-50
Let r(i) = -16*i**2 + 2*i + 1. What is r(2)?
-59
Let h(u) = 2*u**2 - 4*u - 4. Calculate h(-4).
44
Let y(a) = a**2 - 207. Calculate y(-14).
-11
Let o(x) = -x**2 + 12*x - 23. Give o(10).
-3
Let x(q) = -12*q**3 - q**2 - 2*q - 1. What is x(-1)?
12
Let l(i) = i + 3. What is l(1)?
4
Let z(c) = 2*c - 3. Calculate z(-10).
-23
Let n(h) = -h**2 - 2*h + 26. What is n(4)?
2
Let z(r) = r**3 + 16*r**2 + r - 214. Calculate z(-15).
-4
Let a(l) = 2*l + 3. Calculate a(-8).
-13
Let o(p) = 2*p**3 + 18*p**2 + 12*p - 22. Give o(-8).
10
Let i(l) = -l**2 + 12*l - 5. Give i(3).
22
Let m(l) = 8*l - 6. Calculate m(-3).
-30
Let y(z) = -11*z - 73. Give y(-4).
-29
Let d(x) = -x**3 - 4*x**2 + x - 14. Give d(-5).
6
Let q(b) = -3*b - 15. What is q(0)?
-15
Let h(y) = y**2 + y - 1. Calculate h(-6).
29
Let t(m) = -m**3 + m**2 + 11*m + 3. What is t(6)?
-111
Let f(i) = 10*i + 82. Give f(-10).
-18
Let q(o) = -16*o**2 + 25*o - 2. What is q(1)?
7
Let f(d) = -d**2 + 17*d - 15. Determine f(14).
27
Let y(p) = -p**2 + 10*p - 6. Give y(7).
15
Let p(r) = -r**3 + 8*r**2 - 5*r - 15. Calculate p(7).
-1
Let o(u) = -2*u + 10. Give o(11).
-12
Let x(d) = -2*d**2 - 9*d + 3. Determine x(-5).
-2
Let l(h) = 8*h**2 + 3*h - 2. Calculate l(1).
9
Let h(a) = 17*a + 14. Give h(-3).
-37
Let h(s) = s**2 + 3*s - 6. Calculate h(-5).
4
Let j(w) = w**2 + 3*w - 56. What is j(6)?
-2
Let v(z) = -11*z - 127. Calculate v(-12).
5
Let z(c) = c**3 + c**2 + 4*c + 202. Calculate z(0).
202
Let x(o) = -o**3 - 34*o**2 - 62*o - 52. Determine x(-32).
-116
Let i(l) = -6*l - 172. Calculate i(-30).
8
Let n(h) = h**2 + 26*h + 79. Give n(-23).
10
Let j(i) = -4*i - 22. Determine j(-7).
6
Let l(i) = i**2 - 11*i - 8. Calculate l(13).
18
Let p(s) = -4*s - 89. What is p(-24)?
7
Let o(b) = -b**2 - 3*b + 22. Determine o(-8).
-18
Let a(k) = k**3 - 16*k**2 + 18*k - 31. What is a(15)?
14
Let n(o) = o**2 - 5*o + 3. Calculate n(-4).
39
Let y(t) = t**3 + 11*t**2 - 76*t + 68. Calculate y(-16).
4
Let o(i) = 3*i**2 - 19*i + 1. Calculate o(8).
41
Let h(m) = m**2 + 25*m + 165. Give h(-9).
21
Let t(a) = -4*a - 90. What is t(-21)?
-6
Let k(m) = -m**3 + 2*m**2 + 2*m - 57. Determine k(0).
-57
Let w(c) = -c**3 + 5*c**2 - 3*c + 5. Give w(4).
9
Let w(x) = -x - 7. Determine w(-15).
8
Let a(f) = 8*f**2 - 5*f - 2. Calculate a(1).
1
Let c(q) = 3*q - 2. Determine c(-3).
-11
Let o(i) = i**2 - 7*i - 10. Give o(5).
-20
Let g(t) = -2*t**2 - 27*t + 28. Give g(-15).
-17
Let y(u) = u**2 - 11*u - 3. What is y(11)?
-3
Let a(z) = z**3 - 3*z**2 - 2*z + 4. Give a(3).
-2
Let z(w) = w**2 + 5*w + 5. Give z(-5).
5
Let n(f) = 2*f**2 + 6*f - 3. Determine n(-5).
17
Let p(r) = 26*r + 3. What is p(-1)?
-23
Let m(r) = r**2 - 20*r + 71. Give m(17).
20
Let t(a) = a**2 - 11*a + 13. What is t(11)?
13
Let q(h) = -2*h + 7. Calculate q(6).
-5
Let k(g) = -26*g**3 + g**2 + g - 1. Give k(-1).
25
Let b(v) = v**3 + 2*v**2 - v + 69. Calculate b(0).
69
Let d(j) = j**3 + 6*j**2 + 3*j - 14. Give d(-